of v**3 - 5*v**2/2 + 2*v. What is the remainder when y(6) is divided by 11?
9
Let r(q) = 10*q - 1. Calculate the remainder when r(1) is divided by 4.
1
Suppose -4*q + 53 + 3 = 0. What is the remainder when ((-54)/5)/(4/(-20)) is divided by q?
12
Suppose 3*q - 40 = -5*w, 5*q - 67 = -5*w - 17. Calculate the remainder when 16 is divided by q.
1
Let x = -64 + 92. What is the remainder when x is divided by 12?
4
Let b = -122 - -150. What is the remainder when 82 is divided by b?
26
Let r be (-4 - 1)*(-2)/(-5). What is the remainder when 7 is divided by r*(-6)/(2 - -1)?
3
Suppose -12 = 5*u - 4*l, -5*u + 0*l - 26 = 3*l. Let v be (-4)/u*1*-35. What is the remainder when 27 is divided by ((-6)/15)/(1/v)?
13
Let r(m) = -m**2 + 8*m + 15. What is the remainder when 41 is divided by r(7)?
19
Let w(j) = -j**3 + 14*j**2 + j - 3. Calculate the remainder when 29 is divided by w(14).
7
Let n(h) = h**3 - 5*h**2 + h - 1. Let q be n(5). Suppose q*b - 206 + 46 = -3*l, -5*l - 5*b + 275 = 0. Calculate the remainder when l is divided by 31.
29
Let n = 39 - 14. Suppose 3*h - n = -r - 1, 0 = 5*h - 20. What is the remainder when 47 is divided by r?
11
Let u = 77 - 33. Suppose -9*j = -38 - 97. What is the remainder when u is divided by j?
14
Suppose 195 = 4*x - 9*x. Let p = -21 - x. Let o(i) = 2*i**2 + 6*i - 2. What is the remainder when o(-6) is divided by p?
16
Calculate the remainder when 72 is divided by 2/((-8)/164)*-1.
31
Suppose -7*f = -4*f + 18. Let y(b) be the second derivative of -b**5/20 - 5*b**4/12 + 2*b**3/3 + b**2 + 4*b. What is the remainder when 41 is divided by y(f)?
13
Let o(j) = 9*j**2 - 1. Suppose -15*i + 6 = -13*i. Suppose -i*b - 6 = -69. What is the remainder when b is divided by o(1)?
5
Let f = -13 - -115. What is the remainder when f is divided by 13?
11
Let f(l) = 24*l**2 - 1. Let k = -84 + 116. Calculate the remainder when f(2) is divided by k.
31
Suppose 0 = 2*o + o, 4*a - 5*o - 76 = 0. Suppose a = z - 21. Suppose 58 = 4*w - 2*j + 4*j, -5*j = w - 19. Calculate the remainder when z is divided by w.
12
Suppose 4*w = z - 28, 17 = -4*w - 3. What is the remainder when 11 is divided by z?
3
Let h = 141 - 16. Suppose 9*g = 4*g + h. What is the remainder when g is divided by 14?
11
Suppose -17 = 3*h + 2*g, h + 4*h - 4*g + 21 = 0. Let o = -3 - h. Let d = 9 - 5. What is the remainder when d is divided by o?
0
Let x = -38 - -92. Calculate the remainder when 4/(-6)*x/(-12) is divided by 3.
0
Calculate the remainder when 10/(2/(-2))*-1 is divided by ((-6)/(-9))/1*9.
4
Suppose 4*k = 3*k + 3. Let d(f) = 2*f**3 - 2*f**2 - f**k - 2*f - 2*f**3. Calculate the remainder when 29 is divided by d(-3).
14
Let f = 19 - 6. Let b be (-4)/(-22) + (-1374)/(-66). Let n = b - 16. What is the remainder when f is divided by n?
3
Let n(p) = -11*p. Let h be n(3). What is the remainder when 2/6 - 1045/h is divided by 17?
15
Suppose 3 + 3 = 2*v. Suppose -10 = -5*r - 3*q, -4*r - v*q + 12 = -r. What is the remainder when 14 is divided by r + 2 + (-2 - -6)?
4
Let b = 17 + -9. Let o = b - 0. Calculate the remainder when 6/15*(1 - -54) is divided by o.
6
Suppose 2*z - 2*c - 8 = 0, -5*c = -25 - 0. Calculate the remainder when 26 is divided by z.
8
Let i = -4 - -21. What is the remainder when i is divided by 5?
2
Let w = -112 + 199. Calculate the remainder when w is divided by 15.
12
Suppose 0 = 3*u + 290 + 4. Let x = -56 - u. What is the remainder when x is divided by 15?
12
Let m(x) = -x**2 + 13*x + 26. Calculate the remainder when m(13) is divided by (-1)/(29/(-14) + 2).
12
Suppose -f = 5*v, -3*f + 69 = 2*f + 2*v. Calculate the remainder when 44 is divided by f.
14
Let p(w) = -5*w**3 + w**2 - w - 1. Let d = -9 - -4. Let r = d + 9. What is the remainder when p(-1) is divided by r?
2
What is the remainder when 3 is divided by (-12)/(-36) - 2/(-3)?
0
Let g(q) = q**2 - 14*q - 1. Let m be g(6). Let v = m - -72. Suppose -519 = -8*z + 17. What is the remainder when z is divided by v?
21
Let i = 205 + -97. What is the remainder when 28 is divided by 888/i - 4/18?
4
Suppose -13 = -13*s + 260. What is the remainder when s is divided by 7?
0
Suppose -3*m - 3*i = -75, -2*m + 3*i + 46 = -24. What is the remainder when 115 is divided by m?
28
Let z(t) = 2 + t - 4*t + 5*t**3 - 1. Let o(q) = q**3 - 6*q**2 + 4*q + 7. Let f be o(5). Calculate the remainder when z(f) is divided by 18.
17
Suppose v + 2*v = 51. Calculate the remainder when v is divided by 7.
3
Suppose -r = 3*r - 12. Suppose 0*l = -2*i - r*l + 59, -10 = -2*l. Let f = -25 + 37. Calculate the remainder when i is divided by f.
10
Let d be (-2 - -3) + -3 + 4. Suppose 4*l - 5*y - 146 = 0, -4*l + 2*y = -d*y - 148. Calculate the remainder when l is divided by 14.
11
What is the remainder when 40 is divided by (-2)/(-5) - (-680)/50?
12
Let m = 8 + -92. Let c = m - -118. Suppose 5*z - 5*s - 40 = 0, 0 = 4*s - 3*s - 1. Calculate the remainder when c is divided by z.
7
Let c be 3*(1 + (-24)/9). Calculate the remainder when ((-11)/(-3))/(c/(-45)) is divided by 17.
16
Let v = 6 - -9. Calculate the remainder when 0*(-1 - 0) + v is divided by (-9)/6*(2 - 14/3).
3
Suppose 3*a = 4*j - 14, 3*j + j + 2*a = 24. Suppose 0 = 4*q - 32 + 12. Suppose q*n = 4*n + 3. What is the remainder when j is divided by n?
2
Let a(v) = -v**3 - 3*v**2 + 4*v. Let p be a(-3). Calculate the remainder when 17 is divided by 3*((-52)/p - 2).
3
Suppose d - 2*s = 8 + 6, -d - 5*s = -42. Let k(y) = 2*y - 2 + 2 - 2 + 2*y. Calculate the remainder when d is divided by k(2).
4
Suppose 0*u = 2*u - 6. Suppose u*r + 18 = 6*r. Suppose -k - 4*q = -36, r*k + 3*q = k + 95. What is the remainder when k is divided by 6?
4
Let m(b) = 19*b - 3. Let o(i) = 2*i - 4. Calculate the remainder when m(1) is divided by o(5).
4
Suppose -j = -57 + 35. What is the remainder when 4/10 + (-323)/(-5) is divided by j?
21
Suppose h + 233 = 6*b - 3*b, 3*b - 3*h - 231 = 0. Calculate the remainder when b is divided by 12.
6
Let m(r) be the second derivative of 3*r**5/20 - r**4/12 + r**3/2 - r**2 + 7*r. What is the remainder when m(2) is divided by 6*((-1)/2 + 2)?
6
Let k = -2 + -4. Let p = k - -23. What is the remainder when 48 is divided by p?
14
Let m be -3*(0 + 52/(-3)). Suppose 0 = -5*s - 4*n + m, -3*s + 8 = -5*n - 1. Suppose 8*l = 6*l + 10. Calculate the remainder when s is divided by l.
3
What is the remainder when 14/4*(-28)/(-7) is divided by 2/(-1) + (-10)/(-1)?
6
Let q be -13*4*5/(-10). Calculate the remainder when -1 - (-38 - (1 - 1)) is divided by (q/4)/(9/18).
11
Calculate the remainder when 6 is divided by -1*(-5)/(-5) + 5.
2
Suppose 192 = 4*q - 0*q. Calculate the remainder when q is divided by 17.
14
Suppose 2 + 6 = -4*k. Let u = 7 + k. Suppose o = 8 + 5. What is the remainder when o is divided by u?
3
Suppose 4*v + 68 = 4*z + 20, 2*v + 5*z = -3. Let q = 30 + v. What is the remainder when 41 is divided by q?
20
Suppose 14 = h + h. What is the remainder when -3 + (-402)/(-14) + 10/35 is divided by h?
5
Suppose 15 = -5*d, 2*y - d = 3*d + 70. What is the remainder when y is divided by 8?
5
Let f = 53 + -52. Calculate the remainder when 1 is divided by f.
0
Let l(f) be the second derivative of -f**4/12 + 8*f**3/3 - 7*f**2 + 2*f. Calculate the remainder when l(13) is divided by 14.
11
Let m be -2*((-12)/(-8) + -2). Let s = m - -7. Calculate the remainder when s is divided by 5.
3
Let g = -17 + 51. Let o = -19 - -37. What is the remainder when g is divided by o?
16
Calculate the remainder when 65 is divided by (-704)/(-40) + (-6)/10.
14
Suppose 5*m - 24 = 31. Let y be (-1)/(-1)*(8 + 1). Suppose 4*x - 115 = y. Calculate the remainder when x is divided by m.
9
What is the remainder when 34 is divided by 46/5 - (-3)/(-15)?
7
Let u(c) = 4 - 3*c - 2*c - 6. Let j(z) = z**2 + 5*z - 14. Calculate the remainder when j(-9) is divided by u(-2).
6
Let a be (-4)/(-10) + (-18)/(-30). Suppose 0 = r - a - 1. What is the remainder when 3 is divided by r?
1
Let z = 83 - 63. What is the remainder when 77 is divided by z?
17
Suppose -4*i + 3*l + 0*l = -82, -3*l = -3*i + 63. Suppose 20 = 5*p, 0 = -4*w + 3*p - 0 + 32. Calculate the remainder when i is divided by w.
8
Suppose 0 = 2*l - 4*p - 268, -2*l + p + 268 = -2*p. What is the remainder when l is divided by 34?
32
Let m = -107 + 221. Suppose m - 34 = 4*c. Calculate the remainde